2. Calculate the remainder when b is divided by 20/2*(2 + -1).
9
Suppose -2*q - 56*q = -522. Let p(u) = 2*u**3 - 17*u**2 + 14*u + 15. Calculate the remainder when p(q) is divided by 28.
26
Let f(p) = 35*p. Suppose 5*r - 2926 = 4*o - 11*o, -2*o + r = -836. Calculate the remainder when o is divided by f(2).
68
Suppose -i - 84 = 13*i. Calculate the remainder when (i - -3)*-9 - (-2 + 5) is divided by 5.
4
Suppose -3*u - 2*y + 32 = -410, -3*u + 5*y + 407 = 0. What is the remainder when 555 is divided by u?
123
Let z be (3024/(-81))/((-1)/(-3)). Let f = 131 + z. What is the remainder when -1*4*130/(-8) is divided by f?
8
Let y = -5515 - -6901. Calculate the remainder when y is divided by 19.
18
Suppose 17 = 3*w + 4*q - 17, 0 = 3*w - 4*q - 98. Suppose 151 - 61 = 3*g. What is the remainder when g is divided by w?
8
Suppose 6*f + 2435 = 11*f - 3*r, r - 2415 = -5*f. What is the remainder when f is divided by 78?
16
Let n(h) = -h**3 + h**2 + 2*h - 16. Suppose 372*p - 376*p - 12 = 0. Suppose -j = 5*m - 0 + 12, 4*m = j - 15. Calculate the remainder when n(p) is divided by j.
2
Suppose w + 3*w + 20 = 0. Let i(j) = 8*j + 36. Let q be i(w). What is the remainder when (28/10)/(5*q/(-700)) is divided by 28?
14
Let n be (-6)/(-4) + 6/4. Suppose -94 = -3*q + 4*f, 4*q - 6*f - 137 = -n*f. Calculate the remainder when -113*3/(-3)*1 is divided by q.
37
Let t(h) = -7*h**3 - h - 1. Let q = -239 + 239. Suppose q = 3*j, -5*f - 3*j + 155 = -7*j. Calculate the remainder when f is divided by t(-1).
3
Suppose 5*a + 19 = 2*m + m, 2*a = -2*m + 2. Suppose 0 = m*t + 2*o - 41, 2*o - 5 = -3. What is the remainder when (0 - -1)*1430/t is divided by 16?
14
Calculate the remainder when (-223)/(-6*(-14)/(-84)) is divided by 30.
13
Let k = 724 + -409. Suppose -2*n + 237 = -5*r, 277 = 5*n + r - 248. What is the remainder when k is divided by n?
103
Suppose 0 = 52*x - 312 - 312. Let u = -9 + 14. Calculate the remainder when x is divided by u.
2
Suppose -388032 = -36*q - 246*q. What is the remainder when q is divided by 1365?
11
Suppose 0 = -4*o - 4*p + 236, -8*p + 10*p = -4*o + 236. Calculate the remainder when 5248 is divided by o.
56
Let c = -26056 - -33904. What is the remainder when c is divided by 102?
96
Let g(h) = h**3 + 4*h**2 - 4*h + 3. Suppose -33654 = -5880*k + 5406*k. What is the remainder when k is divided by g(2)?
14
Suppose -22*v + 35 - 365 = 0. Let s = v - -39. What is the remainder when s is divided by 7?
3
Suppose -331 = -2*g - 133. Calculate the remainder when (-4)/3 - (-3498)/g is divided by 19.
15
Let k = 6 - -36. Let z = 512 + 135. Suppose 4 = w - 2*w, z = 3*b - 5*w. Calculate the remainder when b is divided by k.
41
Let m(p) = -p**3 - 6*p**2 + 24*p + 19. Let t be m(-11). Let v = -326 + t. What is the remainder when 269 is divided by v?
31
Let d(g) = 3*g**2 + 298*g + 1697. Calculate the remainder when 1102 is divided by d(-6).
14
Let x be (2 - -3 - 1) + 1. Suppose a = -2*z - 1 + 12, 5*z - 2*a - x = 0. Suppose -74*p - 816 = -142*p. What is the remainder when p is divided by z?
0
Let k(o) = -620*o - 6324. What is the remainder when 517 is divided by k(-11)?
21
Let v = -65 + 104. Suppose 4*b = 3*b + v. What is the remainder when 350 is divided by b?
38
Let m = 126 + -249. Let s = m + 134. What is the remainder when 20 is divided by s?
9
Suppose -2*z - 2833 = 3*q - 4*z, -q + 4*z = 941. Calculate the remainder when ((-18)/(-10))/(-1 - 954/q) is divided by 48.
45
Let b = -2106 + 2232. What is the remainder when b is divided by 40?
6
Suppose -56 + 8 = -4*n. Let d be ((-4)/(-10))/(5/(-150)). What is the remainder when (-417)/(-9) - 8/d is divided by n?
11
Suppose 0 = -55*u + 1286 + 2839. Calculate the remainder when 822 is divided by u.
72
Let a(i) = 20*i - 397. Let t be a(23). Suppose -75*m - t = -78*m. What is the remainder when 22 is divided by m?
1
Let f = -46 - -27. Let d = f + 45. Let t(v) = -468*v - 5134. Calculate the remainder when d is divided by t(-11).
12
Suppose 0 = 4*o + 32, -15*o + 23*o + 339 = 5*s. What is the remainder when 4839 is divided by s?
54
Let b(c) = c**3 + 6*c**2 - 12*c - 11. Let d be b(-7). Let l = d + 88. What is the remainder when l is divided by 1 + (-3)/(3/(-37))?
36
Suppose -b + 8 = -75. Suppose t + 20 = b. Suppose -2*o - 2*w + t = -3*w, w = -2*o + 53. What is the remainder when 85 is divided by o?
27
Let c = -149 - -244. Let l(t) = 3*t**2 - t - 268. Let q be l(0). Let o = q - -300. What is the remainder when c is divided by o?
31
Suppose -18*l + 296 = 11*l + 35. Calculate the remainder when ((-86)/(-4))/(5/10) is divided by l.
7
Suppose 0 = -u - 3, -3*u = 5*j + 39 + 1570. Calculate the remainder when 2*(-2)/(-20) + (-75456)/j is divided by 14.
12
Let d be (-2)/(-1)*(675/(-18))/15. What is the remainder when 220 is divided by d - (-2 + -18 + -2)?
16
Let n(x) = x**3 + 9*x**2 + 8*x + 12. Let z be n(-8). Let h(c) = c**3 + 6*c**2 - 8*c - 6. What is the remainder when z/(8/2)*2/6 is divided by h(-7)?
0
Let v be (44/16 + -4)*-4. Let k(c) = -c**3 + c + 6*c**2 + 5 + 3*c + 2*c + 2. What is the remainder when k(v) is divided by 22?
18
Calculate the remainder when 193 is divided by (57 - 51)/(10/15).
4
Let j = -6 + 164. Suppose 0 = -5*k + j - 28. Calculate the remainder when k is divided by 6/(-9) - 88/(-6).
12
Suppose 0 = 27*t - 83 - 349. What is the remainder when 61 is divided by t?
13
Let j be 607 - (-6)/3 - 4. Let o = j - 449. What is the remainder when o is divided by 27?
21
Let w = 179 - 117. Suppose 0 = -3*r + 4*u - u + 210, 3*r - 226 = -5*u. Let x = -40 + r. What is the remainder when w is divided by x?
30
Suppose 8*n - 10*n - 94 = 0. Let k = n + 67. What is the remainder when 34 is divided by k?
14
Suppose 5*g = 2*u + 1354, 5*u - 373 = -g - 113. Calculate the remainder when g is divided by 16.
14
Let f = 45 + -41. Suppose 0 = -5*c + 10, 582 = -f*w + c. Let a = -66 - w. What is the remainder when a is divided by 16?
15
Let g be (-3 - 156)/((-9)/(-9)). Let m = 166 + g. Calculate the remainder when m is divided by 2.
1
Let s(t) = 80*t**2 + 293*t - 22. What is the remainder when s(-4) is divided by -1 + 20 - (1 + 0)?
14
Suppose 100 = 8*a + 12*a. What is the remainder when ((-36)/(-10))/(2/20) is divided by 32/12*9 - a?
17
Suppose -11*n + 0*i + 160 = -4*i, -4*n - 2*i + 72 = 0. Calculate the remainder when n is divided by (95/38)/(5/12).
4
Let l(j) = -4*j + 10. Let a be l(5). Let w = -9 - a. Suppose -y = -5*y + 5*c + 43, -2*c + 22 = 4*y. Calculate the remainder when y is divided by w.
0
Let a = 8209 - 8191. Let d(s) be the second derivative of 35*s**4/12 - s**3/3 + s**2/2 - 2*s. Calculate the remainder when d(1) is divided by a.
16
Suppose -156 = 10*t - 366. Suppose w + 5*z + 13 = 0, 0 = -t*w + 26*w + z - 7. Calculate the remainder when 15 is divided by w.
1
Suppose 0 = 3*l + 15, d + 4*d - 4*l - 5 = 0. Let p(v) = -15*v - 4. Calculate the remainder when 120 is divided by p(d).
38
Let c be (552/20)/(2/15). Suppose -3*x = -0*x - c. Suppose x = 7*g + 13. Calculate the remainder when 29 is divided by g.
5
Let x(a) = 522*a - 1003. What is the remainder when 1592/10 + (-3)/15 is divided by x(2)?
36
Let p be (-382)/(-6) + 2/6. Let f = 78 - 97. Let j = p - f. Calculate the remainder when j is divided by 14.
13
Let j(o) = 4*o**2 - o - 5. Suppose -s = 2*w - 54, -155 + 139 = -4*w. What is the remainder when j(6) is divided by s?
41
Suppose 10*j = 6*j - 8. Calculate the remainder when 26 is divided by 0 + (j - 2)/28*-21.
2
Let w(z) = 5*z**2 + 10*z + 59. Calculate the remainder when w(-6) is divided by 16.
3
Suppose 45*l - 24*l - 9303 = 0. Suppose -d + l = -5*w - 96, -d + 3*w = -549. What is the remainder when d is divided by 63?
60
Let h = -3 + 22. Suppose 0 = -2*y - 0*y + 6*y. Suppose 10 = b - y. Calculate the remainder when h is divided by b.
9
Let b(a) = -a**2 + 7*a - 4. Let f be b(6). Suppose 28 = 6*d - f*d. Let q = -2391 - -2413. What is the remainder when q is divided by d?
1
Let x be (-95 - -5)*2/4. Let h = x - -72. Suppose 54 = 7*m - w, -m + 27 = -3*w + 5. Calculate the remainder when h is divided by m.
6
Let n = -25456 + 25500. Calculate the remainder when n is divided by 23.
21
Let w = -3420 + 3621. What is the remainder when w is divided by 50?
1
Suppose 538*k - 622*k - 16258 + 45742 = 0. Calculate the remainder when k is divided by 79.
35
Suppo